{"id":433,"date":"2024-03-16T15:18:41","date_gmt":"2024-03-16T14:18:41","guid":{"rendered":"https:\/\/paillemen.fr\/?page_id=433"},"modified":"2024-04-04T17:33:37","modified_gmt":"2024-04-04T15:33:37","slug":"mentions","status":"publish","type":"page","link":"https:\/\/paillemen.fr\/index.php\/mentions\/","title":{"rendered":"Mentions"},"content":{"rendered":"<p>[et_pb_section fb_built=\u00a0\u00bb1&Prime; admin_label=\u00a0\u00bbCTA\u00a0\u00bb _builder_version=\u00a0\u00bb4.24.2&Prime; background_color=\u00a0\u00bb#f7f7f7&Prime; background_enable_image=\u00a0\u00bboff\u00a0\u00bb parallax=\u00a0\u00bbon\u00a0\u00bb custom_margin=\u00a0\u00bb|||\u00a0\u00bb custom_padding=\u00a0\u00bb80px||||false|false\u00a0\u00bb global_colors_info=\u00a0\u00bb{}\u00a0\u00bb][et_pb_row use_custom_gutter=\u00a0\u00bbon\u00a0\u00bb gutter_width=\u00a0\u00bb1&Prime; custom_padding_last_edited=\u00a0\u00bbon|tablet\u00a0\u00bb module_class=\u00a0\u00bb et_pb_row_fullwidth\u00a0\u00bb _builder_version=\u00a0\u00bb4.24.2&Prime; background_enable_color=\u00a0\u00bboff\u00a0\u00bb width=\u00a0\u00bb100%\u00a0\u00bb width_tablet=\u00a0\u00bb100%\u00a0\u00bb width_phone=\u00a0\u00bb100%\u00a0\u00bb width_last_edited=\u00a0\u00bbon|desktop\u00a0\u00bb max_width=\u00a0\u00bb100%\u00a0\u00bb max_width_tablet=\u00a0\u00bb100%\u00a0\u00bb max_width_phone=\u00a0\u00bb100%\u00a0\u00bb max_width_last_edited=\u00a0\u00bbon|desktop\u00a0\u00bb custom_padding=\u00a0\u00bb|0px||0px|true|false\u00a0\u00bb custom_padding_tablet=\u00a0\u00bb0px|||\u00a0\u00bb custom_padding_phone=\u00a0\u00bb\u00a0\u00bb make_fullwidth=\u00a0\u00bbon\u00a0\u00bb global_colors_info=\u00a0\u00bb{}\u00a0\u00bb][et_pb_column type=\u00a0\u00bb4_4&Prime; _builder_version=\u00a0\u00bb4.16&Prime; custom_padding=\u00a0\u00bb|||\u00a0\u00bb global_colors_info=\u00a0\u00bb{}\u00a0\u00bb custom_padding__hover=\u00a0\u00bb|||\u00a0\u00bb][et_pb_text admin_label=\u00a0\u00bbDiscover Beatuty Title\u00a0\u00bb _builder_version=\u00a0\u00bb4.24.2&Prime; text_font=\u00a0\u00bb||||\u00a0\u00bb text_text_color=\u00a0\u00bb#1a1a1a\u00a0\u00bb header_font=\u00a0\u00bbMulish|300||on|||||\u00a0\u00bb header_text_align=\u00a0\u00bbleft\u00a0\u00bb header_text_color=\u00a0\u00bb#567a74&Prime; header_letter_spacing=\u00a0\u00bb2px\u00a0\u00bb header_line_height=\u00a0\u00bb1.3em\u00a0\u00bb width=\u00a0\u00bb80%\u00a0\u00bb module_alignment=\u00a0\u00bbcenter\u00a0\u00bb custom_padding=\u00a0\u00bb||20px||false|false\u00a0\u00bb animation_style=\u00a0\u00bbslide\u00a0\u00bb animation_direction=\u00a0\u00bbtop\u00a0\u00bb animation_intensity_slide=\u00a0\u00bb10%\u00a0\u00bb border_width_bottom=\u00a0\u00bb1px\u00a0\u00bb border_color_bottom=\u00a0\u00bb#DFB758&Prime; global_colors_info=\u00a0\u00bb{}\u00a0\u00bb]<\/p>\n<h1>Mentions l\u00e9gales<\/h1>\n<p>[\/et_pb_text][et_pb_text admin_label=\u00a0\u00bbDiscover Beatuty Text\u00a0\u00bb _builder_version=\u00a0\u00bb4.24.2&Prime; text_font=\u00a0\u00bbPoppins|300|||||||\u00a0\u00bb text_line_height=\u00a0\u00bb1.9em\u00a0\u00bb text_orientation=\u00a0\u00bbjustified\u00a0\u00bb width=\u00a0\u00bb80%\u00a0\u00bb module_alignment=\u00a0\u00bbcenter\u00a0\u00bb custom_margin=\u00a0\u00bb50px||50px||true|false\u00a0\u00bb custom_padding=\u00a0\u00bb||||false|false\u00a0\u00bb animation_style=\u00a0\u00bbslide\u00a0\u00bb animation_direction=\u00a0\u00bbtop\u00a0\u00bb animation_delay=\u00a0\u00bb200ms\u00a0\u00bb animation_intensity_slide=\u00a0\u00bb10%\u00a0\u00bb global_colors_info=\u00a0\u00bb{}\u00a0\u00bb]LE SITE paillemen.com EST \u00c9DIT\u00c9 PAR :<\/p>\n<p>Paillemen<br \/>\nMail : contact@paillemen.fr<\/p>\n<p>H\u00e9bergement<br \/>\nL\u2019h\u00e9bergement du site est assur\u00e9 par OVH.<\/p>\n<p>R\u00e9alisation<br \/>\nDesign et d\u00e9veloppement Web r\u00e9alis\u00e9s par PR\u00c9CISION W&#038;D \u2022 05130 Tallard<br \/>\ncontact.precision.wd@gmail.com<\/p>\n<p>Liens hypertextes<\/p>\n<p>Le site paillemen.com autorise la mise en place d\u2019un lien hypertexte pointant vers son contenu, sous r\u00e9serve de :<\/p>\n<p>\u2013 ne pas utiliser la technique du lien profond (\u00ab deep linking \u00bb), c\u2019est-\u00e0-dire que les pages du site paillemen.com ne doivent pas \u00eatre imbriqu\u00e9es \u00e0 l\u2019int\u00e9rieur des pages d\u2019un autre site (usage des frames, par exemple), mais accessibles par l\u2019ouverture d\u2019une fen\u00eatre.<\/p>\n<p>\u2013 mentionner dans un lien texte le contenu vis\u00e9<\/p>\n<p>Cette autorisation ne s\u2019applique pas aux sites internet diffusant des informations \u00e0 caract\u00e8res pornographiques, pol\u00e9miques, homophobes, x\u00e9nophobes ou pouvant, dans une plus large mesure porter atteinte \u00e0 la sensibilit\u00e9 du plus grand nombre.<\/p>\n<p>Reproduction du contenu du site :<\/p>\n<p>Toute reproduction ou repr\u00e9sentation totale ou partielle de ce site par quelque proc\u00e9d\u00e9 que ce soit, sans l\u2019autorisation de Paillemen, est interdite et constituerait une contrefa\u00e7on sanctionn\u00e9e par les articles L.335-2 et suivants du Code de la propri\u00e9t\u00e9 intellectuelle.<\/p>\n<p>Utilisation des donn\u00e9es<\/p>\n<p>Conform\u00e9ment \u00e0 la Loi Informatique et Libert\u00e9s du 6\/01\/78, art. 27, vous disposez d\u2019un droit d\u2019acc\u00e8s et de rectification des informations nominatives vous concernant.<\/p>\n<p>Le droit d\u2019acc\u00e8s \u00e0 vos donn\u00e9es personnelles est \u00e0 exercer \u00e0 l\u2019adresse suivante :<\/p>\n<p>Paillemen<br \/>\nImpasse des grives<br \/>\n04250 BELLAFFAIRE<br \/>\nFrance<\/p>\n<p>Usage du site Web<\/p>\n<p>En aucun cas, Paillemen ne pourra \u00eatre tenue responsable de quelconques dommages, directs ou indirects, qui puissent r\u00e9sulter de l\u2019acc\u00e8s a ce site web, ou de son utilisation, ou de l\u2019acc\u00e8s via ce site a d\u2019autres sites et leur utilisation, dommages incluant notamment, mais sans limitation, tout pr\u00e9judice financier ou commercial, pertes d\u2019exploitation, perte de programmes ou de donn\u00e9es dans votre syst\u00e8me d\u2019information, m\u00eame si Paillemen a \u00e9t\u00e9 avis\u00e9 de la possibilit\u00e9 de survenance de tels dommages. Toute information est r\u00e9put\u00e9e \u00eatre fournie par Paillemen \u00ab en l\u2019\u00e9tat \u00bb.<\/p>\n<p>Paillemen peut \u00e0 tout moment revoir ces dispositions en mettant \u00e0 jour cette page.<\/p>\n<p>En utilisant ce site web, vous acceptez d\u2019\u00eatre li\u00e9 par toute r\u00e9vision de ces dispositions.[\/et_pb_text][\/et_pb_column][\/et_pb_row][\/et_pb_section][et_pb_section fb_built=\u00a0\u00bb1&Prime; _builder_version=\u00a0\u00bb4.24.3&Prime; _module_preset=\u00a0\u00bbdefault\u00a0\u00bb background_color=\u00a0\u00bb#D6D6D6&Prime; custom_margin=\u00a0\u00bb0px||0px||true|false\u00a0\u00bb custom_padding=\u00a0\u00bb0px||0px||true|false\u00a0\u00bb global_colors_info=\u00a0\u00bb{}\u00a0\u00bb global_module=\u00a0\u00bb620&Prime; theme_builder_area=\u00a0\u00bbpost_content\u00a0\u00bb][et_pb_row column_structure=\u00a0\u00bb1_4,1_4,1_4,1_4&Prime; _builder_version=\u00a0\u00bb4.24.3&Prime; _module_preset=\u00a0\u00bbdefault\u00a0\u00bb width=\u00a0\u00bb90%\u00a0\u00bb max_width=\u00a0\u00bbnone\u00a0\u00bb global_colors_info=\u00a0\u00bb{}\u00a0\u00bb theme_builder_area=\u00a0\u00bbpost_content\u00a0\u00bb][et_pb_column type=\u00a0\u00bb1_4&Prime; _builder_version=\u00a0\u00bb4.24.3&Prime; _module_preset=\u00a0\u00bbdefault\u00a0\u00bb global_colors_info=\u00a0\u00bb{}\u00a0\u00bb theme_builder_area=\u00a0\u00bbpost_content\u00a0\u00bb][et_pb_text _builder_version=\u00a0\u00bb4.24.3&Prime; _module_preset=\u00a0\u00bbdefault\u00a0\u00bb text_font=\u00a0\u00bbPoppins|300|||||||\u00a0\u00bb text_font_size=\u00a0\u00bb12px\u00a0\u00bb global_colors_info=\u00a0\u00bb{}\u00a0\u00bb theme_builder_area=\u00a0\u00bbpost_content\u00a0\u00bb]<\/p>\n<p><strong>Plan du site :<\/strong><br \/><span style=\"color: #333333;\"><a href=\"https:\/\/paillemen.fr\" style=\"color: #333333;\">Accueil<\/a><\/span><br \/><span style=\"color: #333333;\"><a href=\"https:\/\/paillemen.fr\/index.php\/realisations\/\" style=\"color: #333333;\">Nos r\u00e9alisations<\/a><\/span><br \/><span style=\"color: #333333;\"><a href=\"https:\/\/paillemen.fr\/index.php\/contact\/\" style=\"color: #333333;\">Contacts<\/a><\/span><br \/><span style=\"color: #333333;\"><a href=\"https:\/\/paillemen.fr\/index.php\/mentions\/\" style=\"color: #333333;\">Mentions l\u00e9gales<\/a><\/span><\/p>\n<p>[\/et_pb_text][\/et_pb_column][et_pb_column type=\u00a0\u00bb1_4&Prime; _builder_version=\u00a0\u00bb4.24.3&Prime; _module_preset=\u00a0\u00bbdefault\u00a0\u00bb global_colors_info=\u00a0\u00bb{}\u00a0\u00bb theme_builder_area=\u00a0\u00bbpost_content\u00a0\u00bb][et_pb_text _builder_version=\u00a0\u00bb4.24.3&Prime; _module_preset=\u00a0\u00bbdefault\u00a0\u00bb text_font=\u00a0\u00bbPoppins|300|||||||\u00a0\u00bb text_font_size=\u00a0\u00bb12px\u00a0\u00bb text_orientation=\u00a0\u00bbcenter\u00a0\u00bb global_colors_info=\u00a0\u00bb{}\u00a0\u00bb theme_builder_area=\u00a0\u00bbpost_content\u00a0\u00bb]<\/p>\n<p><strong>SCOP Alpes Maisons Paille<\/strong><br \/>Impasse des grives \u2022 04250 BELLAFFAIRE<br \/>Xavier PICOT | <strong>06 22 87 94 54<\/strong><br \/>paillemen@gmail.com<\/p>\n<p>[\/et_pb_text][\/et_pb_column][et_pb_column type=\u00a0\u00bb1_4&Prime; _builder_version=\u00a0\u00bb4.24.3&Prime; _module_preset=\u00a0\u00bbdefault\u00a0\u00bb global_colors_info=\u00a0\u00bb{}\u00a0\u00bb theme_builder_area=\u00a0\u00bbpost_content\u00a0\u00bb][et_pb_text _builder_version=\u00a0\u00bb4.24.3&Prime; _module_preset=\u00a0\u00bbdefault\u00a0\u00bb text_font=\u00a0\u00bbPoppins|600|||||||\u00a0\u00bb text_font_size=\u00a0\u00bb12px\u00a0\u00bb text_orientation=\u00a0\u00bbcenter\u00a0\u00bb custom_margin=\u00a0\u00bb||5px||false|false\u00a0\u00bb global_colors_info=\u00a0\u00bb{}\u00a0\u00bb theme_builder_area=\u00a0\u00bbpost_content\u00a0\u00bb]Les partenaires[\/et_pb_text][et_pb_image src=\u00a0\u00bbhttps:\/\/paillemen.fr\/wp-content\/uploads\/2024\/03\/logos_partenaires.png\u00a0\u00bb title_text=\u00a0\u00bblogos_partenaires\u00a0\u00bb _builder_version=\u00a0\u00bb4.24.3&Prime; _module_preset=\u00a0\u00bbdefault\u00a0\u00bb global_colors_info=\u00a0\u00bb{}\u00a0\u00bb theme_builder_area=\u00a0\u00bbpost_content\u00a0\u00bb][\/et_pb_image][\/et_pb_column][et_pb_column type=\u00a0\u00bb1_4&Prime; _builder_version=\u00a0\u00bb4.24.3&Prime; _module_preset=\u00a0\u00bbdefault\u00a0\u00bb global_colors_info=\u00a0\u00bb{}\u00a0\u00bb theme_builder_area=\u00a0\u00bbpost_content\u00a0\u00bb][et_pb_image src=\u00a0\u00bbhttps:\/\/paillemen.fr\/wp-content\/uploads\/2024\/03\/cropped-icone_paillemen.png\u00a0\u00bb title_text=\u00a0\u00bbcropped-icone_paillemen.png\u00a0\u00bb _builder_version=\u00a0\u00bb4.24.3&Prime; _module_preset=\u00a0\u00bbdefault\u00a0\u00bb width=\u00a0\u00bb20%\u00a0\u00bb max_width=\u00a0\u00bb20%\u00a0\u00bb module_alignment=\u00a0\u00bbcenter\u00a0\u00bb custom_margin=\u00a0\u00bb0px||0px||false|false\u00a0\u00bb global_colors_info=\u00a0\u00bb{}\u00a0\u00bb theme_builder_area=\u00a0\u00bbpost_content\u00a0\u00bb][\/et_pb_image][\/et_pb_column][\/et_pb_row][\/et_pb_section]<\/p>\n","protected":false},"excerpt":{"rendered":"<p>Mentions l\u00e9galesLE SITE paillemen.com EST \u00c9DIT\u00c9 PAR : Paillemen Mail : contact@paillemen.fr H\u00e9bergement L\u2019h\u00e9bergement du site est assur\u00e9 par OVH. R\u00e9alisation Design et d\u00e9veloppement Web r\u00e9alis\u00e9s par PR\u00c9CISION W&#038;D \u2022 05130 Tallard contact.precision.wd@gmail.com Liens hypertextes Le site paillemen.com autorise la mise en place d\u2019un lien hypertexte pointant vers son contenu, sous r\u00e9serve de : \u2013 [&hellip;]<\/p>\n","protected":false},"author":3,"featured_media":0,"parent":0,"menu_order":0,"comment_status":"closed","ping_status":"closed","template":"","meta":{"_et_pb_use_builder":"on","_et_pb_old_content":"","_et_gb_content_width":"","footnotes":""},"class_list":["post-433","page","type-page","status-publish","hentry"],"yoast_head":"<!-- This site is optimized with the Yoast SEO plugin v25.7 - https:\/\/yoast.com\/wordpress\/plugins\/seo\/ -->\n<title>Mentions - Paillemen<\/title>\n<meta name=\"robots\" content=\"index, follow, max-snippet:-1, max-image-preview:large, max-video-preview:-1\" \/>\n<link rel=\"canonical\" href=\"https:\/\/paillemen.fr\/index.php\/mentions\/\" \/>\n<meta property=\"og:locale\" content=\"fr_FR\" \/>\n<meta property=\"og:type\" content=\"article\" \/>\n<meta property=\"og:title\" content=\"Mentions - Paillemen\" \/>\n<meta property=\"og:description\" content=\"Mentions l\u00e9galesLE SITE paillemen.com EST \u00c9DIT\u00c9 PAR : Paillemen Mail : contact@paillemen.fr H\u00e9bergement L\u2019h\u00e9bergement du site est assur\u00e9 par OVH. R\u00e9alisation Design et d\u00e9veloppement Web r\u00e9alis\u00e9s par PR\u00c9CISION W&amp;D \u2022 05130 Tallard contact.precision.wd@gmail.com Liens hypertextes Le site paillemen.com autorise la mise en place d\u2019un lien hypertexte pointant vers son contenu, sous r\u00e9serve de : \u2013 [&hellip;]\" \/>\n<meta property=\"og:url\" content=\"https:\/\/paillemen.fr\/index.php\/mentions\/\" \/>\n<meta property=\"og:site_name\" content=\"Paillemen\" \/>\n<meta property=\"article:modified_time\" content=\"2024-04-04T15:33:37+00:00\" \/>\n<meta name=\"twitter:card\" content=\"summary_large_image\" \/>\n<meta name=\"twitter:label1\" content=\"Dur\u00e9e de lecture estim\u00e9e\" \/>\n\t<meta name=\"twitter:data1\" content=\"5 minutes\" \/>\n<script type=\"application\/ld+json\" class=\"yoast-schema-graph\">{\"@context\":\"https:\/\/schema.org\",\"@graph\":[{\"@type\":\"WebPage\",\"@id\":\"https:\/\/paillemen.fr\/index.php\/mentions\/\",\"url\":\"https:\/\/paillemen.fr\/index.php\/mentions\/\",\"name\":\"Mentions - Paillemen\",\"isPartOf\":{\"@id\":\"https:\/\/paillemen.fr\/#website\"},\"datePublished\":\"2024-03-16T14:18:41+00:00\",\"dateModified\":\"2024-04-04T15:33:37+00:00\",\"breadcrumb\":{\"@id\":\"https:\/\/paillemen.fr\/index.php\/mentions\/#breadcrumb\"},\"inLanguage\":\"fr-FR\",\"potentialAction\":[{\"@type\":\"ReadAction\",\"target\":[\"https:\/\/paillemen.fr\/index.php\/mentions\/\"]}]},{\"@type\":\"BreadcrumbList\",\"@id\":\"https:\/\/paillemen.fr\/index.php\/mentions\/#breadcrumb\",\"itemListElement\":[{\"@type\":\"ListItem\",\"position\":1,\"name\":\"Accueil\",\"item\":\"https:\/\/paillemen.fr\/\"},{\"@type\":\"ListItem\",\"position\":2,\"name\":\"Mentions\"}]},{\"@type\":\"WebSite\",\"@id\":\"https:\/\/paillemen.fr\/#website\",\"url\":\"https:\/\/paillemen.fr\/\",\"name\":\"Paillemen\",\"description\":\"Ossature bois - Isolation paille\",\"potentialAction\":[{\"@type\":\"SearchAction\",\"target\":{\"@type\":\"EntryPoint\",\"urlTemplate\":\"https:\/\/paillemen.fr\/?s={search_term_string}\"},\"query-input\":{\"@type\":\"PropertyValueSpecification\",\"valueRequired\":true,\"valueName\":\"search_term_string\"}}],\"inLanguage\":\"fr-FR\"}]}<\/script>\n<!-- \/ Yoast SEO plugin. -->","yoast_head_json":{"title":"Mentions - Paillemen","robots":{"index":"index","follow":"follow","max-snippet":"max-snippet:-1","max-image-preview":"max-image-preview:large","max-video-preview":"max-video-preview:-1"},"canonical":"https:\/\/paillemen.fr\/index.php\/mentions\/","og_locale":"fr_FR","og_type":"article","og_title":"Mentions - Paillemen","og_description":"Mentions l\u00e9galesLE SITE paillemen.com EST \u00c9DIT\u00c9 PAR : Paillemen Mail : contact@paillemen.fr H\u00e9bergement L\u2019h\u00e9bergement du site est assur\u00e9 par OVH. R\u00e9alisation Design et d\u00e9veloppement Web r\u00e9alis\u00e9s par PR\u00c9CISION W&D \u2022 05130 Tallard contact.precision.wd@gmail.com Liens hypertextes Le site paillemen.com autorise la mise en place d\u2019un lien hypertexte pointant vers son contenu, sous r\u00e9serve de : \u2013 [&hellip;]","og_url":"https:\/\/paillemen.fr\/index.php\/mentions\/","og_site_name":"Paillemen","article_modified_time":"2024-04-04T15:33:37+00:00","twitter_card":"summary_large_image","twitter_misc":{"Dur\u00e9e de lecture estim\u00e9e":"5 minutes"},"schema":{"@context":"https:\/\/schema.org","@graph":[{"@type":"WebPage","@id":"https:\/\/paillemen.fr\/index.php\/mentions\/","url":"https:\/\/paillemen.fr\/index.php\/mentions\/","name":"Mentions - Paillemen","isPartOf":{"@id":"https:\/\/paillemen.fr\/#website"},"datePublished":"2024-03-16T14:18:41+00:00","dateModified":"2024-04-04T15:33:37+00:00","breadcrumb":{"@id":"https:\/\/paillemen.fr\/index.php\/mentions\/#breadcrumb"},"inLanguage":"fr-FR","potentialAction":[{"@type":"ReadAction","target":["https:\/\/paillemen.fr\/index.php\/mentions\/"]}]},{"@type":"BreadcrumbList","@id":"https:\/\/paillemen.fr\/index.php\/mentions\/#breadcrumb","itemListElement":[{"@type":"ListItem","position":1,"name":"Accueil","item":"https:\/\/paillemen.fr\/"},{"@type":"ListItem","position":2,"name":"Mentions"}]},{"@type":"WebSite","@id":"https:\/\/paillemen.fr\/#website","url":"https:\/\/paillemen.fr\/","name":"Paillemen","description":"Ossature bois - Isolation paille","potentialAction":[{"@type":"SearchAction","target":{"@type":"EntryPoint","urlTemplate":"https:\/\/paillemen.fr\/?s={search_term_string}"},"query-input":{"@type":"PropertyValueSpecification","valueRequired":true,"valueName":"search_term_string"}}],"inLanguage":"fr-FR"}]}},"jetpack_sharing_enabled":true,"_links":{"self":[{"href":"https:\/\/paillemen.fr\/index.php\/wp-json\/wp\/v2\/pages\/433","targetHints":{"allow":["GET"]}}],"collection":[{"href":"https:\/\/paillemen.fr\/index.php\/wp-json\/wp\/v2\/pages"}],"about":[{"href":"https:\/\/paillemen.fr\/index.php\/wp-json\/wp\/v2\/types\/page"}],"author":[{"embeddable":true,"href":"https:\/\/paillemen.fr\/index.php\/wp-json\/wp\/v2\/users\/3"}],"replies":[{"embeddable":true,"href":"https:\/\/paillemen.fr\/index.php\/wp-json\/wp\/v2\/comments?post=433"}],"version-history":[{"count":4,"href":"https:\/\/paillemen.fr\/index.php\/wp-json\/wp\/v2\/pages\/433\/revisions"}],"predecessor-version":[{"id":626,"href":"https:\/\/paillemen.fr\/index.php\/wp-json\/wp\/v2\/pages\/433\/revisions\/626"}],"wp:attachment":[{"href":"https:\/\/paillemen.fr\/index.php\/wp-json\/wp\/v2\/media?parent=433"}],"curies":[{"name":"wp","href":"https:\/\/api.w.org\/{rel}","templated":true}]}}